*h - 25. Let w = -6 - h. What is the remainder when w is divided by 5?
4
Let s = 15 - 17. Let p be (-2)/(((-16)/(-36))/s). Suppose p*v - 5*v = 64. Calculate the remainder when v is divided by 9.
7
Let f = -349 + 358. What is the remainder when 10 is divided by f?
1
Let y(o) = o**2 - 19*o + 48. Suppose 4*h + h - 25 = -p, -3*h = -9. Calculate the remainder when y(17) is divided by p.
4
Calculate the remainder when ((-68)/(-204))/((-2)/(-1824)) is divided by 21.
10
Calculate the remainder when 90 is divided by (-6)/21 - (-8)/28*127.
18
Let t = 31 - 18. Let h(f) = f**2 + f + 3. Let v be h(0). Suppose -b + 41 - v = 0. What is the remainder when b is divided by t?
12
Let m(f) = -5*f**3 + 3*f**2 + 13*f + 14. Calculate the remainder when m(-5) is divided by 50.
49
Let y = 60 - 57. Suppose -y*x - 45 = -0*r - 3*r, 3*r - 49 = 2*x. Calculate the remainder when 69 is divided by r.
12
Suppose k + 230 = 5*k - 3*i, -3*k + i = -170. What is the remainder when 193 is divided by k?
25
Suppose 2*n = -2*n - 396. Let o = n + 145. Let t = 84 - 72. Calculate the remainder when o is divided by t.
10
Let p = -804 - -838. What is the remainder when 1153 is divided by p?
31
Suppose -t + 2 = -0. Let f = -2149 - -2152. Calculate the remainder when f is divided by t.
1
Let s(y) = -y**2 - y. Let a(h) = -4*h**3 - 9*h**2 + 6. Let l(c) = a(c) - 6*s(c). Calculate the remainder when l(-3) is divided by 10.
9
Let n(o) = 5*o + 28. What is the remainder when 114 is divided by n(5)?
8
Let x be (1 + -1)/(3 + -6). Suppose 5*z + 3111 + 444 = x. What is the remainder when 2/3 - z/27 is divided by 10?
7
Suppose 37 = 5*w + 4*s + 9, 5*w - 4*s - 12 = 0. Suppose 3*u - 4 = 2*u, 5*b - u - 141 = 0. What is the remainder when b is divided by w?
1
Let m = 166 - 161. Calculate the remainder when m is divided by 1.
0
Let n = -219 - -327. Suppose -5*m + 11*m - n = 0. What is the remainder when 31 is divided by m?
13
Suppose -4*r - 4*q + 200 + 20 = 0, 4*q + 16 = 0. Calculate the remainder when r is divided by 47.
12
Let c(q) = -2*q**3 + 2*q**2 + 4*q + 3. What is the remainder when 111 is divided by c(-2)?
16
What is the remainder when 43 is divided by 22/77 - 6/(-28)*22?
3
Let s be 2/(-6)*(5 - 5). Suppose 0*t = t, -4*l + t + 260 = s. Calculate the remainder when l is divided by 17.
14
Suppose 0 = -j + 2. Suppose 48 = 12*g + 24. Calculate the remainder when 2 is divided by (-3)/g*j/(-3).
0
Let c(v) = v - 3. Let i be c(8). Suppose w + i = 3*j, 0*w - 25 = -3*j + 5*w. Suppose -108 = -4*n - j*n. What is the remainder when 53 is divided by n?
26
Let q(d) = d + 24. Suppose -8*i = 451 - 499. Calculate the remainder when q(0) is divided by i.
0
Suppose -12 = -4*q - 2*i + 8, 14 = 4*q - i. Let g be (-3)/(q + -1) - 11. Calculate the remainder when (-639)/g - (-6)/(-24) is divided by 11.
9
Suppose -3*b + 0*b = -33. Let k = 1591 + -1515. What is the remainder when k is divided by b?
10
Let y(h) = h**2 - 3*h + 6. What is the remainder when 156/(-104)*(-2 + -114) is divided by y(5)?
14
Calculate the remainder when 440 is divided by ((-2)/6)/((5/(-195))/1).
11
Let y(o) be the third derivative of -o**6/60 - o**5/20 + o**4/12 - 2*o**3/3 - 41*o**2. Calculate the remainder when 64 is divided by y(-3).
13
Let f = 86 + -85. Calculate the remainder when 8 is divided by 70/30 + (f/(-3) - -1).
2
Suppose -34*d + 304 = -15*d. What is the remainder when 127 is divided by d?
15
Calculate the remainder when 1257 is divided by (8/10)/(150/875)*6.
25
Let u be 20/(-25) + (-452)/10. Let l = u + 101. Calculate the remainder when l is divided by 7.
6
Calculate the remainder when (-85440)/(-336) - (-10)/14 is divided by 68.
51
Let a = -156 + 185. Calculate the remainder when 95 is divided by a.
8
Suppose -3*x + 5 = 29. Let q(f) = f**3 - 8 - 9*f + 5*f + 8*f**2 - 4*f. Calculate the remainder when q(x) is divided by 29.
27
Let t(b) be the third derivative of -b**4/24 + b**3/6 + 16*b**2. Calculate the remainder when 5 is divided by t(-3).
1
What is the remainder when 23/(115/(-40)) + 218 is divided by 60?
30
Calculate the remainder when (-1937)/26*(-2 - -2 - 2) is divided by 50.
49
Suppose -4*d + 984 = -10*f + 15*f, 4*f - 781 = 3*d. What is the remainder when f is divided by 5?
1
Suppose 64*f + 30 = 67*f. What is the remainder when 119 is divided by f?
9
Suppose 4*s - 252 = -3*i, 434 = 2*i + 3*i + 2*s. Suppose -18*v + 1265 = 37*v. Calculate the remainder when i is divided by v.
19
Let b(h) = -h**2 + 24*h - 3. What is the remainder when b(20) is divided by 2 + -6 - (-1 + -29)?
25
Let j = 133 + 9. Calculate the remainder when j is divided by 66.
10
Let s(z) be the second derivative of z**4/12 - 5*z**3/3 + 7*z**2 - 42*z. What is the remainder when s(10) is divided by 12?
2
Calculate the remainder when 40/(-8)*(-3029)/65 is divided by 78.
77
Suppose -a = -2, 3*a - 44 = -c + 2*a. Let p = c + -21. Calculate the remainder when p is divided by 8.
5
Calculate the remainder when 25 is divided by 216/12 + 8/(-2).
11
Suppose -o + 103 = 3*d, -102 = -o - d - 5. Calculate the remainder when 182 is divided by o.
88
Let w be 5 - -103 - (-1 - -3 - 6). Suppose 0*h - 38 = -h - 3*o, 0 = -4*h - 2*o + w. What is the remainder when h is divided by 16?
10
Let g(j) = -15*j + 3. Let i be g(-1). Let c = -11 + i. Calculate the remainder when 10 is divided by c.
3
Suppose 4*t - 111 = -19. Let v = -118 - -124. Calculate the remainder when t is divided by v.
5
Let m(k) = -k**2 + 5*k. Let y be m(4). Let t(g) = -13*g + 22*g - 10*g + y. Calculate the remainder when 11 is divided by t(-3).
4
Let h(w) = -5*w**2 + 79*w + 14. Calculate the remainder when 140 is divided by h(15).
66
Let i(f) = -5*f - 98. Calculate the remainder when 118 is divided by i(-24).
8
Let i(f) = 2*f - 15. Let x be 4/(-20) - (-102)/10. Let k be i(x). Let y = 6 - k. What is the remainder when 6 is divided by y?
0
Let y = -32 + 95. Suppose w = 10*w - y. Suppose 0*q = 2*q - 10. Calculate the remainder when w is divided by q.
2
Suppose 7*h - 127 = 468. Suppose 29*r = 24*r + h. What is the remainder when r is divided by 10?
7
Suppose 5*r - 20 = 4*c + c, -r - c = 6. Let l be 15 - (3 - 1)/r. What is the remainder when 13 is divided by 9/(-6) + l/2?
6
Let g = 51 - 52. Let s(c) = 3*c**3 + 2*c**2 + 3*c + 4. Let d be s(-7). Calculate the remainder when g/2*d/6 is divided by 27.
25
Let u(q) = -q**2 + 6*q - 12. Let s be u(2). Calculate the remainder when 87 is divided by -23*(-4 + (-16)/s - 1).
18
Suppose 560 = 11*n - 122. What is the remainder when 241 is divided by n?
55
Let r(p) = p + 5. Let x be (-18)/(-42) + 568/14. Let b = x + -29. What is the remainder when 31 is divided by r(b)?
14
Suppose -5*a + 2 = 12. What is the remainder when (((-679)/3)/(-7))/(a/(-6)) is divided by 9?
7
What is the remainder when 44 is divided by (-5)/(-4) + (-3440)/(-320)?
8
Let o = 1 - -12. Suppose 0 = -25*n + 136 + 1439. Calculate the remainder when n is divided by o.
11
Let a(g) = 11*g**2 - 15*g + 13. Let m(i) = 5*i**2 - 8*i + 7. Let k(v) = 6*a(v) - 11*m(v). Let j = 226 + -220. What is the remainder when k(1) is divided by j?
4
Let y(r) = r**3 - r**2 - r + 4. Suppose -2*v + 0 = -6. Suppose 2*t - v*t + 11 = 0. What is the remainder when t is divided by y(0)?
3
Let h = 2353 + -2318. Suppose 4*u + 0*j = -5*j + 286, -3*j = -6. What is the remainder when u is divided by h?
34
Suppose -4*u + 156 = 5*b, 4*b - 5*u + u - 96 = 0. What is the remainder when 127 is divided by b?
15
Let z(k) = -6*k**2 - 39*k + 8. Suppose -5*y + 88 + 47 = 0. What is the remainder when z(-3) is divided by y?
17
Let f(t) = -t**2 + 28*t - 160. What is the remainder when 159 is divided by f(17)?
24
Let b(c) = c**3 - 5*c**2 - 18*c - 2. Let i(l) = 3*l**2 + 2*l. What is the remainder when b(8) is divided by i(2)?
14
Let r be (-7)/14 - 5/(-2). Suppose -r*u + 35 = 3*u. Let i = u + 0. What is the remainder when 26 is divided by i?
5
Let q be (3 + (-2 - -3))/(-1). Let c = -69 - -71. Calculate the remainder when (2/3)/(q/(-18)) is divided by c.
1
Let r(a) = 10 - a + 0*a**3 - a**3 - 10 - 2*a**2. Calculate the remainder when 33 is divided by r(-3).
9
Suppose v = 2*k - 32, -4*v + 9*v = 3*k - 62. Let p = 38 + -30. Suppose -67 - 245 = -p*s. Calculate the remainder when s is divided by k.
11
Suppose -3*q - 12 = -30. Let n be 126/q + -3 + 1. Suppose 2*p + 3*j - n = 0, -4*p - 5*j 